{"id":982,"date":"2024-12-05T09:27:23","date_gmt":"2024-12-05T08:27:23","guid":{"rendered":"https:\/\/obecracin.cz\/w\/?post_type=lsvr_gallery&#038;p=982"},"modified":"2024-12-05T09:27:23","modified_gmt":"2024-12-05T08:27:23","slug":"rozsviceni-vanocniho-stromu-2024","status":"publish","type":"lsvr_gallery","link":"https:\/\/obecracin.cz\/w\/galleries\/rozsviceni-vanocniho-stromu-2024\/","title":{"rendered":"Rozsv\u00edcen\u00ed v\u00e1no\u010dn\u00edho stromu 2024"},"content":{"rendered":"<div id='gallery-1' class='gallery galleryid-982 gallery-columns-3 gallery-size-thumbnail'><figure class='gallery-item'>\n\t\t\t<div class='gallery-icon landscape'>\n\t\t\t\t<a href='https:\/\/obecracin.cz\/w\/wp-content\/uploads\/2024\/12\/p38-1.jpg'><img loading=\"lazy\" decoding=\"async\" width=\"150\" height=\"150\" src=\"https:\/\/obecracin.cz\/w\/wp-content\/uploads\/2024\/12\/p38-1-150x150.jpg\" class=\"attachment-thumbnail size-thumbnail\" alt=\"\" \/><\/a>\n\t\t\t<\/div><\/figure><figure class='gallery-item'>\n\t\t\t<div class='gallery-icon portrait'>\n\t\t\t\t<a href='https:\/\/obecracin.cz\/w\/wp-content\/uploads\/2024\/12\/p39-1.jpg'><img loading=\"lazy\" decoding=\"async\" width=\"150\" height=\"150\" src=\"https:\/\/obecracin.cz\/w\/wp-content\/uploads\/2024\/12\/p39-1-150x150.jpg\" class=\"attachment-thumbnail size-thumbnail\" alt=\"Rozsv\u00edcen\u00ed v\u00e1no\u010dn\u00edho stromu 2024\" \/><\/a>\n\t\t\t<\/div><\/figure><figure class='gallery-item'>\n\t\t\t<div class='gallery-icon portrait'>\n\t\t\t\t<a href='https:\/\/obecracin.cz\/w\/wp-content\/uploads\/2024\/12\/p40.png'><img loading=\"lazy\" decoding=\"async\" width=\"150\" height=\"150\" src=\"https:\/\/obecracin.cz\/w\/wp-content\/uploads\/2024\/12\/p40-150x150.png\" class=\"attachment-thumbnail size-thumbnail\" alt=\"\" \/><\/a>\n\t\t\t<\/div><\/figure>\n\t\t<\/div>\n\n","protected":false},"excerpt":{"rendered":"","protected":false},"author":1,"featured_media":984,"template":"","meta":{"footnotes":""},"lsvr_gallery_cat":[8],"lsvr_gallery_tag":[],"class_list":["post-982","lsvr_gallery","type-lsvr_gallery","status-publish","has-post-thumbnail","hentry","lsvr_gallery_cat-rok-202"],"_links":{"self":[{"href":"https:\/\/obecracin.cz\/w\/wp-json\/wp\/v2\/lsvr_gallery\/982","targetHints":{"allow":["GET"]}}],"collection":[{"href":"https:\/\/obecracin.cz\/w\/wp-json\/wp\/v2\/lsvr_gallery"}],"about":[{"href":"https:\/\/obecracin.cz\/w\/wp-json\/wp\/v2\/types\/lsvr_gallery"}],"author":[{"embeddable":true,"href":"https:\/\/obecracin.cz\/w\/wp-json\/wp\/v2\/users\/1"}],"version-history":[{"count":1,"href":"https:\/\/obecracin.cz\/w\/wp-json\/wp\/v2\/lsvr_gallery\/982\/revisions"}],"predecessor-version":[{"id":986,"href":"https:\/\/obecracin.cz\/w\/wp-json\/wp\/v2\/lsvr_gallery\/982\/revisions\/986"}],"wp:featuredmedia":[{"embeddable":true,"href":"https:\/\/obecracin.cz\/w\/wp-json\/wp\/v2\/media\/984"}],"wp:attachment":[{"href":"https:\/\/obecracin.cz\/w\/wp-json\/wp\/v2\/media?parent=982"}],"wp:term":[{"taxonomy":"lsvr_gallery_cat","embeddable":true,"href":"https:\/\/obecracin.cz\/w\/wp-json\/wp\/v2\/lsvr_gallery_cat?post=982"},{"taxonomy":"lsvr_gallery_tag","embeddable":true,"href":"https:\/\/obecracin.cz\/w\/wp-json\/wp\/v2\/lsvr_gallery_tag?post=982"}],"curies":[{"name":"wp","href":"https:\/\/api.w.org\/{rel}","templated":true}]}}

Rozsvícení vánočního stromu 2024

<div id='gallery-1' class='gallery galleryid-982 gallery-columns-3 gallery-size-thumbnail'><figure class='gallery-item'>
			<div class='gallery-icon landscape'>
				<a href='https://obecracin.cz/w/wp-content/uploads/2024/12/p38-1.jpg'><img loading="lazy" decoding="async" width="150" height="150" src="https://obecracin.cz/w/wp-content/uploads/2024/12/p38-1-150x150.jpg" class="attachment-thumbnail size-thumbnail" alt="" /></a>
			</div></figure><figure class='gallery-item'>
			<div class='gallery-icon portrait'>
				<a href='https://obecracin.cz/w/wp-content/uploads/2024/12/p39-1.jpg'><img loading="lazy" decoding="async" width="150" height="150" src="https://obecracin.cz/w/wp-content/uploads/2024/12/p39-1-150x150.jpg" class="attachment-thumbnail size-thumbnail" alt="Rozsvícení vánočního stromu 2024" /></a>
			</div></figure><figure class='gallery-item'>
			<div class='gallery-icon portrait'>
				<a href='https://obecracin.cz/w/wp-content/uploads/2024/12/p40.png'><img loading="lazy" decoding="async" width="150" height="150" src="https://obecracin.cz/w/wp-content/uploads/2024/12/p40-150x150.png" class="attachment-thumbnail size-thumbnail" alt="" /></a>
			</div></figure>
		</div>
