{"id":1214,"date":"2025-08-20T20:01:32","date_gmt":"2025-08-20T18:01:32","guid":{"rendered":"https:\/\/obecracin.cz\/w\/?page_id=1214"},"modified":"2025-11-18T11:23:07","modified_gmt":"2025-11-18T10:23:07","slug":"vymena-svitidel-verejneho-osvetleni-v-obci-racin-vcetne-aktualizace-pasportu-verejneho-osvetleni","status":"publish","type":"page","link":"https:\/\/obecracin.cz\/w\/vymena-svitidel-verejneho-osvetleni-v-obci-racin-vcetne-aktualizace-pasportu-verejneho-osvetleni\/","title":{"rendered":"V\u00fdm\u011bna sv\u00edtidel ve\u0159ejn\u00e9ho osv\u011btlen\u00ed v obci Ra\u010d\u00edn v\u010detn\u011b aktualizace pasportu ve\u0159ejn\u00e9ho osv\u011btlen\u00ed"},"content":{"rendered":"<div class=\"wp-block-image\">\n<figure class=\"aligncenter size-full\"><a href=\"http:\/\/www.kr-vysocina.cz\/\"><img loading=\"lazy\" decoding=\"async\" width=\"604\" height=\"216\" src=\"https:\/\/obecracin.cz\/w\/wp-content\/uploads\/2025\/08\/1.jpg\" alt=\"\" class=\"wp-image-1209\" srcset=\"https:\/\/obecracin.cz\/w\/wp-content\/uploads\/2025\/08\/1.jpg 604w, https:\/\/obecracin.cz\/w\/wp-content\/uploads\/2025\/08\/1-300x107.jpg 300w\" sizes=\"auto, (max-width: 604px) 100vw, 604px\" \/><\/a><\/figure><\/div>\n\n\n<p><\/p>\n\n\n\n<p class=\"has-text-align-center\"><strong>PROJEKT \u201eV\u00fdm\u011bna sv\u00edtidel ve\u0159ejn\u00e9ho osv\u011btlen\u00ed v obci Ra\u010d\u00edn v\u010detn\u011b aktualizace pasportu ve\u0159ejn\u00e9ho osv\u011btlen\u00ed\u201c<br>BYL PODPO\u0158EN V ROCE 2025<br>VE V\u00dd\u0160I 132 000 K\u010d<\/strong><\/p>\n\n\n\n<p class=\"has-text-align-center\"><strong><span style=\"text-decoration: underline;\"><a href=\"http:\/\/www.kr-vysocina.cz\">www.kr-vysocina.cz<\/a><\/span><\/strong><\/p>\n","protected":false},"excerpt":{"rendered":"<p>PROJEKT \u201eV\u00fdm\u011bna sv\u00edtidel ve\u0159ejn\u00e9ho osv\u011btlen\u00ed v obci Ra\u010d\u00edn v\u010detn\u011b aktualizace pasportu ve\u0159ejn\u00e9ho osv\u011btlen\u00ed\u201cBYL PODPO\u0158EN V ROCE 2025VE V\u00dd\u0160I 132 000 K\u010d www.kr-vysocina.cz<\/p>\n","protected":false},"author":1,"featured_media":0,"parent":0,"menu_order":0,"comment_status":"closed","ping_status":"closed","template":"","meta":{"footnotes":""},"class_list":["post-1214","page","type-page","status-publish","hentry"],"_links":{"self":[{"href":"https:\/\/obecracin.cz\/w\/wp-json\/wp\/v2\/pages\/1214","targetHints":{"allow":["GET"]}}],"collection":[{"href":"https:\/\/obecracin.cz\/w\/wp-json\/wp\/v2\/pages"}],"about":[{"href":"https:\/\/obecracin.cz\/w\/wp-json\/wp\/v2\/types\/page"}],"author":[{"embeddable":true,"href":"https:\/\/obecracin.cz\/w\/wp-json\/wp\/v2\/users\/1"}],"replies":[{"embeddable":true,"href":"https:\/\/obecracin.cz\/w\/wp-json\/wp\/v2\/comments?post=1214"}],"version-history":[{"count":3,"href":"https:\/\/obecracin.cz\/w\/wp-json\/wp\/v2\/pages\/1214\/revisions"}],"predecessor-version":[{"id":1267,"href":"https:\/\/obecracin.cz\/w\/wp-json\/wp\/v2\/pages\/1214\/revisions\/1267"}],"wp:attachment":[{"href":"https:\/\/obecracin.cz\/w\/wp-json\/wp\/v2\/media?parent=1214"}],"curies":[{"name":"wp","href":"https:\/\/api.w.org\/{rel}","templated":true}]}}