{"id":1327,"date":"2026-03-24T14:13:04","date_gmt":"2026-03-24T13:13:04","guid":{"rendered":"https:\/\/obecracin.cz\/w\/?page_id=1327"},"modified":"2026-03-24T14:56:52","modified_gmt":"2026-03-24T13:56:52","slug":"kontejnerova-stani-racin","status":"publish","type":"page","link":"https:\/\/obecracin.cz\/w\/kontejnerova-stani-racin\/","title":{"rendered":"Propagace\u00a0MAS Havl\u00ed\u010dk\u016fv kraj, o. p. s."},"content":{"rendered":"\n<p><strong>Stru\u010dn\u00fd popis:<\/strong> V r\u00e1mci projektu byla vybudov\u00e1na dv\u011b nov\u00e1 kontejnerov\u00e1 hn\u00edzda v\u00a0obci Ra\u010d\u00edn.<br><br><strong>C\u00edl \/ \u00fa\u010del \/ p\u0159\u00ednos: <\/strong>C\u00edlem projektu bylo zlep\u0161it podm\u00ednky pro nakl\u00e1d\u00e1n\u00ed s odpady v obci. P\u0159\u00ednosem je zejm\u00e9na lep\u0161\u00ed dostupnost sb\u011brn\u00fdch m\u00edst, co\u017e vede ke zv\u00fd\u0161en\u00ed m\u00edry t\u0159\u00edd\u011bn\u00ed odpadu, zlep\u0161en\u00ed \u010distoty ve\u0159ejn\u00e9ho prostoru a celkov\u00e9mu zkvalitn\u011bn\u00ed vzhledu obce.<br><br><strong>Na co byla dotace poskytnuta a k \u010demu je to dobr\u00e9: <\/strong>Dotace byla vyu\u017eita na vybudov\u00e1n\u00ed dvou kontejnerov\u00fdch hn\u00edzd. D\u00edky realizaci projektu do\u0161lo ke zlep\u0161en\u00ed organizace sb\u011brn\u00fdch m\u00edst, omezen\u00ed nepo\u0159\u00e1dku v jejich okol\u00ed a estetick\u00e9mu za\u010dlen\u011bn\u00ed do prost\u0159ed\u00ed obce. Projekt tak p\u0159isp\u00edv\u00e1 nejen k ochran\u011b \u017eivotn\u00edho prost\u0159ed\u00ed, ale i k p\u0159\u00edjemn\u011bj\u0161\u00edmu vzhledu cel\u00e9 obce.<br><br><strong>Projekt byl realizov\u00e1n d\u00edky podpo\u0159e M\u00edstn\u00ed ak\u010dn\u00ed skupiny Havl\u00ed\u010dk\u016fv kraj, o.p.s.<\/strong><\/p>\n\n\n\n<figure class=\"wp-block-image size-full\"><img loading=\"lazy\" decoding=\"async\" width=\"604\" height=\"172\" src=\"https:\/\/obecracin.cz\/w\/wp-content\/uploads\/2026\/03\/1-1.png\" alt=\"\" class=\"wp-image-1328\" srcset=\"https:\/\/obecracin.cz\/w\/wp-content\/uploads\/2026\/03\/1-1.png 604w, https:\/\/obecracin.cz\/w\/wp-content\/uploads\/2026\/03\/1-1-300x85.png 300w\" sizes=\"auto, (max-width: 604px) 100vw, 604px\" \/><\/figure>\n","protected":false},"excerpt":{"rendered":"<p>Stru\u010dn\u00fd popis: V r\u00e1mci projektu byla vybudov\u00e1na dv\u011b nov\u00e1 kontejnerov\u00e1 hn\u00edzda v\u00a0obci Ra\u010d\u00edn. C\u00edl \/ \u00fa\u010del \/ p\u0159\u00ednos: C\u00edlem projektu bylo zlep\u0161it podm\u00ednky pro nakl\u00e1d\u00e1n\u00ed s odpady v obci. P\u0159\u00ednosem je zejm\u00e9na lep\u0161\u00ed dostupnost sb\u011brn\u00fdch m\u00edst, co\u017e vede ke zv\u00fd\u0161en\u00ed m\u00edry t\u0159\u00edd\u011bn\u00ed odpadu, zlep\u0161en\u00ed \u010distoty ve\u0159ejn\u00e9ho prostoru a celkov\u00e9mu zkvalitn\u011bn\u00ed vzhledu obce. Na co byla [&hellip;]<\/p>\n","protected":false},"author":1,"featured_media":0,"parent":0,"menu_order":0,"comment_status":"closed","ping_status":"closed","template":"","meta":{"footnotes":""},"class_list":["post-1327","page","type-page","status-publish","hentry"],"_links":{"self":[{"href":"https:\/\/obecracin.cz\/w\/wp-json\/wp\/v2\/pages\/1327","targetHints":{"allow":["GET"]}}],"collection":[{"href":"https:\/\/obecracin.cz\/w\/wp-json\/wp\/v2\/pages"}],"about":[{"href":"https:\/\/obecracin.cz\/w\/wp-json\/wp\/v2\/types\/page"}],"author":[{"embeddable":true,"href":"https:\/\/obecracin.cz\/w\/wp-json\/wp\/v2\/users\/1"}],"replies":[{"embeddable":true,"href":"https:\/\/obecracin.cz\/w\/wp-json\/wp\/v2\/comments?post=1327"}],"version-history":[{"count":2,"href":"https:\/\/obecracin.cz\/w\/wp-json\/wp\/v2\/pages\/1327\/revisions"}],"predecessor-version":[{"id":1339,"href":"https:\/\/obecracin.cz\/w\/wp-json\/wp\/v2\/pages\/1327\/revisions\/1339"}],"wp:attachment":[{"href":"https:\/\/obecracin.cz\/w\/wp-json\/wp\/v2\/media?parent=1327"}],"curies":[{"name":"wp","href":"https:\/\/api.w.org\/{rel}","templated":true}]}}

Propagace MAS Havlíčkův kraj, o. p. s.

<p><strong>Stručný popis:</strong> V rámci projektu byla vybudována dvě nová kontejnerová hnízda v obci Račín.<br><br><strong>Cíl / účel / přínos: </strong>Cílem projektu bylo zlepšit podmínky pro nakládání s odpady v obci. Přínosem je zejména lepší dostupnost sběrných míst, což vede ke zvýšení míry třídění odpadu, zlepšení čistoty veřejného prostoru a celkovému zkvalitnění vzhledu obce.<br><br><strong>Na co byla dotace poskytnuta a k čemu je to dobré: </strong>Dotace byla využita na vybudování dvou kontejnerových hnízd. Díky realizaci projektu došlo ke zlepšení organizace sběrných míst, omezení nepořádku v jejich okolí a estetickému začlenění do prostředí obce. Projekt tak přispívá nejen k ochraně životního prostředí, ale i k příjemnějšímu vzhledu celé obce.<br><br><strong>Projekt byl realizován díky podpoře Místní akční skupiny Havlíčkův kraj, o.p.s.</strong></p>



<figure class="wp-block-image size-full"><img loading="lazy" decoding="async" width="604" height="172" src="https://obecracin.cz/w/wp-content/uploads/2026/03/1-1.png" alt="" class="wp-image-1328" srcset="https://obecracin.cz/w/wp-content/uploads/2026/03/1-1.png 604w, https://obecracin.cz/w/wp-content/uploads/2026/03/1-1-300x85.png 300w" sizes="auto, (max-width: 604px) 100vw, 604px" /></figure>

<p>Stručný popis: V rámci projektu byla vybudována dvě nová kontejnerová hnízda v obci Račín. Cíl / účel / přínos: Cílem projektu bylo zlepšit podmínky pro nakládání s odpady v obci. Přínosem je zejména lepší dostupnost sběrných míst, což vede ke zvýšení míry třídění odpadu, zlepšení čistoty veřejného prostoru a celkovému zkvalitnění vzhledu obce. Na co byla [&hellip;]</p>
