{"id":39,"date":"2020-03-06T07:12:48","date_gmt":"2020-03-06T06:12:48","guid":{"rendered":"https:\/\/obecracin.cz\/w\/?page_id=39"},"modified":"2025-07-16T13:38:50","modified_gmt":"2025-07-16T11:38:50","slug":"kontakty","status":"publish","type":"page","link":"https:\/\/obecracin.cz\/w\/kontakty\/","title":{"rendered":"Kontakty"},"content":{"rendered":"\n<p>adresa<br><strong>Obecn\u00ed \u00fa\u0159ad Ra\u010d\u00edn<br>Ra\u010d\u00edn 18<br>592 11 Velk\u00e1 Losenice<\/strong>&nbsp;<br>         <br>telefon<br><strong>777 592 003<\/strong><br><br>email<br><strong><span style=\"text-decoration: underline;\"><a href=\"mailto:obecracin@tiscali.cz\">obecracin@tiscali.cz<\/a><\/span>&nbsp;<br><\/strong><br>datov\u00e1 schr\u00e1nka<br><strong>fv9awxy<\/strong><br><br>obecn\u00ed \u00fa\u0159ad         <br>starosta <strong> Ji\u0159\u00ed Sub\u00fd<\/strong> 777 592 003&nbsp;<br>m\u00edstostarosta <strong>Zich Leo\u0161 <\/strong>739 963 084<br>asistentka O\u00da Ra\u010d\u00edn <strong>Anna Sub\u00e1<\/strong> 777 240 272<strong><br><\/strong><br>kontakt na pov\u011b\u0159ence         <br><strong>Mgr. et. Bc. Lubo\u0161 Kliment<\/strong>, pov\u011b\u0159enec pro ochranu osobn\u00edch \u00fadaj\u016f,<br>kontakt: 776 233 879, <a href=\"mailto:GDPR@akkliment.cz\"><span style=\"text-decoration: underline;\">GDPR@akkliment.cz<\/span><\/a><\/p>\n\n\n<div class=\"wp-block-image\">\n<figure class=\"aligncenter size-large\"><img loading=\"lazy\" decoding=\"async\" width=\"504\" height=\"379\" src=\"https:\/\/obecracin.cz\/w\/wp-content\/uploads\/2020\/03\/p01.jpg\" alt=\"\" class=\"wp-image-42\" srcset=\"https:\/\/obecracin.cz\/w\/wp-content\/uploads\/2020\/03\/p01.jpg 504w, https:\/\/obecracin.cz\/w\/wp-content\/uploads\/2020\/03\/p01-300x226.jpg 300w\" sizes=\"auto, (max-width: 504px) 100vw, 504px\" \/><\/figure><\/div>\n\n\n<p><\/p>\n","protected":false},"excerpt":{"rendered":"<p>adresaObecn\u00ed \u00fa\u0159ad Ra\u010d\u00ednRa\u010d\u00edn 18592 11 Velk\u00e1 Losenice&nbsp; telefon777 592 003 emailobecracin@tiscali.cz&nbsp;datov\u00e1 schr\u00e1nkafv9awxy obecn\u00ed \u00fa\u0159ad starosta Ji\u0159\u00ed Sub\u00fd 777 592 003&nbsp;m\u00edstostarosta Zich Leo\u0161 739 963 084asistentka O\u00da Ra\u010d\u00edn Anna Sub\u00e1 777 240 272kontakt na pov\u011b\u0159ence Mgr. et. Bc. Lubo\u0161 Kliment, pov\u011b\u0159enec pro ochranu osobn\u00edch \u00fadaj\u016f,kontakt: 776 233 879, GDPR@akkliment.cz<\/p>\n","protected":false},"author":1,"featured_media":0,"parent":0,"menu_order":0,"comment_status":"closed","ping_status":"closed","template":"","meta":{"footnotes":""},"class_list":["post-39","page","type-page","status-publish","hentry"],"_links":{"self":[{"href":"https:\/\/obecracin.cz\/w\/wp-json\/wp\/v2\/pages\/39","targetHints":{"allow":["GET"]}}],"collection":[{"href":"https:\/\/obecracin.cz\/w\/wp-json\/wp\/v2\/pages"}],"about":[{"href":"https:\/\/obecracin.cz\/w\/wp-json\/wp\/v2\/types\/page"}],"author":[{"embeddable":true,"href":"https:\/\/obecracin.cz\/w\/wp-json\/wp\/v2\/users\/1"}],"replies":[{"embeddable":true,"href":"https:\/\/obecracin.cz\/w\/wp-json\/wp\/v2\/comments?post=39"}],"version-history":[{"count":6,"href":"https:\/\/obecracin.cz\/w\/wp-json\/wp\/v2\/pages\/39\/revisions"}],"predecessor-version":[{"id":1140,"href":"https:\/\/obecracin.cz\/w\/wp-json\/wp\/v2\/pages\/39\/revisions\/1140"}],"wp:attachment":[{"href":"https:\/\/obecracin.cz\/w\/wp-json\/wp\/v2\/media?parent=39"}],"curies":[{"name":"wp","href":"https:\/\/api.w.org\/{rel}","templated":true}]}}

<p>adresa<br><strong>Obecní úřad Račín<br>Račín 18<br>592 11 Velká Losenice</strong>&nbsp;<br>         <br>telefon<br><strong>777 592 003</strong><br><br>email<br><strong><span style="text-decoration: underline;"><a href="mailto:obecracin@tiscali.cz">obecracin@tiscali.cz</a></span>&nbsp;<br></strong><br>datová schránka<br><strong>fv9awxy</strong><br><br>obecní úřad         <br>starosta <strong> Jiří Subý</strong> 777 592 003&nbsp;<br>místostarosta <strong>Zich Leoš </strong>739 963 084<br>asistentka OÚ Račín <strong>Anna Subá</strong> 777 240 272<strong><br></strong><br>kontakt na pověřence         <br><strong>Mgr. et. Bc. Luboš Kliment</strong>, pověřenec pro ochranu osobních údajů,<br>kontakt: 776 233 879, <a href="mailto:GDPR@akkliment.cz"><span style="text-decoration: underline;">GDPR@akkliment.cz</span></a></p>


<div class="wp-block-image">
<figure class="aligncenter size-large"><img loading="lazy" decoding="async" width="504" height="379" src="https://obecracin.cz/w/wp-content/uploads/2020/03/p01.jpg" alt="" class="wp-image-42" srcset="https://obecracin.cz/w/wp-content/uploads/2020/03/p01.jpg 504w, https://obecracin.cz/w/wp-content/uploads/2020/03/p01-300x226.jpg 300w" sizes="auto, (max-width: 504px) 100vw, 504px" /></figure></div>


<p></p>

<p>adresaObecní úřad RačínRačín 18592 11 Velká Losenice&nbsp; telefon777 592 003 emailobecracin@tiscali.cz&nbsp;datová schránkafv9awxy obecní úřad starosta Jiří Subý 777 592 003&nbsp;místostarosta Zich Leoš 739 963 084asistentka OÚ Račín Anna Subá 777 240 272kontakt na pověřence Mgr. et. Bc. Luboš Kliment, pověřenec pro ochranu osobních údajů,kontakt: 776 233 879, GDPR@akkliment.cz</p>
